st the prime factors of b.
5, 7, 199
Let n(y) = -10*y**3 + y. Let o = 1 - 2. Let q be n(o). What are the prime factors of 24/(q/12 + 0)?
2
Let z(c) = c**3 - 12*c**2 - 7*c + 21. Let f be z(11). Suppose 0 = 83*g - 82*g - 262. Let t = f + g. What are the prime factors of t?
5, 17
Suppose -13*h + 69114 + 15752 - 18956 = 0. List the prime factors of h.
2, 3, 5, 13
Let h be -1*(2 + (10 - 6)). What are the prime factors of (-54)/(-5 + (-21)/h)?
2, 3
Let l = 78 - 68. Suppose 7*g = l*g - 12. Let q(z) = z**3 - z**2 + 2*z - 6. What are the prime factors of q(g)?
2, 5
Suppose 0 = -2*u - u - 3*n + 21, -2*u - n + 9 = 0. Let v be 9/u*(-11 - -9). Let i = 44 - v. What are the prime factors of i?
53
What are the prime factors of 2208 + (11 - 15) - -11?
5, 443
Let p(g) = 5*g + 3. Let f(k) = -9*k - 6. Let m(u) = 3*f(u) + 5*p(u). Let c be m(-6). Suppose -c = -3*n + 3, 4*o - 352 = -3*n. What are the prime factors of o?
5, 17
Let j be (-5)/15 - 5 - (-2)/6. Let r be (-1 + 4/(-3))/(j/165). Let s = 126 - r. List the prime factors of s.
7
Let h(l) = -l**2 + 23*l - 13. Let m be h(18). Suppose 3*x + 92 = -x. Let j = x + m. What are the prime factors of j?
2, 3
Let z(m) = 17*m**3 + 5*m**2 - 24*m + 2. Let d(t) = -8*t**3 - 3*t**2 + 11*t - 1. Let r(v) = -5*d(v) - 2*z(v). List the prime factors of r(3).
11, 17
Let u = 375 + -222. Let o = u + -89. What are the prime factors of (o/(-24))/(2/(-75))?
2, 5
Let d = -979 + 2265. Suppose -d = -2*p - 4*l, -27*p + 26*p - 4*l = -645. What are the prime factors of p?
641
Let s(l) be the third derivative of -5/6*l**3 - 3/4*l**4 + 0 - 18*l**2 + 0*l. List the prime factors of s(-5).
5, 17
Suppose 3 = -17*n + 18*n. Suppose 3*k = -q + 47, q + n = k - 6. What are the prime factors of k?
2, 7
Let m = -21726 + 50841. List the prime factors of m.
3, 5, 647
Let w(o) = 114*o**2 + 47*o + 354. List the prime factors of w(-6).
2, 3, 29
Let g(x) = -42*x**3 - x**2 + 2*x - 59. List the prime factors of g(-4).
5, 521
Let g be 0 - -814 - (-3 + 1). Suppose -6*w = -2*w + 5*m - 2290, -3*w + m = -1727. Let a = g - w. What are the prime factors of a?
241
Let k be -7 + 1 - 264/(-24). Suppose -j = 4*q - 3500, k*q + 3*j - 650 = 3732. What are the prime factors of q?
2, 19, 23
Let a = -2559 - -6267. What are the prime factors of a?
2, 3, 103
Let c = -45 + -27. Let a = -161 - c. Let v = 203 + a. List the prime factors of v.
2, 3, 19
Let t be 152/20 - (-2)/5. Suppose 0 = 3*w - q + 4, 0*w - 3*w + 2*q = t. Suppose x + 2*x - 78 = w. What are the prime factors of x?
2, 13
Suppose 65*w = 74*w - 99. Suppose -1005 = -w*i + 777. What are the prime factors of i?
2, 3
Suppose 9695719 = -534*l + 36119641. List the prime factors of l.
7, 7069
Let y(i) = -1059*i - 1822. What are the prime factors of y(-22)?
2, 7, 13, 59
Let u(a) = 69*a - 806. What are the prime factors of u(24)?
2, 5, 17
Suppose 4*p + 2*r = 33650, -8395 = p - 2*p + 2*r. List the prime factors of p.
3, 2803
Let x(u) = -74*u + 84. Suppose -9*q = -2*q + 56. What are the prime factors of x(q)?
2, 13
List the prime factors of (-3133844)/(-271) - -1*1*-8.
2, 3, 107
Let q be 2/(-2) + -2*387/(-6). Let o = 133 - q. Suppose 0 = -o*d + 4*s + 1426, 4*s + 854 = 3*d - 0*s. List the prime factors of d.
2, 11, 13
Let h be 8/12*-3 - -84. Let p = 205 - h. List the prime factors of p.
3, 41
Let b be (-2)/(6/((-3)/(-1))). Let v be -1*8*(b + 1 + -1). List the prime factors of (-174)/(-8) + 2/(v/1).
2, 11
Suppose -5*p = -h + 2*h + 35, 4*h - 12 = -p. Let d(j) = -1 + j - 10*j - 5. What are the prime factors of d(p)?
2, 3, 11
Let x be (585/(-2))/5*28/7. Let u = x + 77. Let c = u - -249. What are the prime factors of c?
2, 23
Let v(s) = 9*s**2 + 2*s - 1. Let n be v(-3). List the prime factors of (30 + -10)/(1/n).
2, 5, 37
Let p(m) = m. Let q be p(-3). Let x(w) = 1 - 185*w + 2 + 129*w - 3. What are the prime factors of x(q)?
2, 3, 7
List the prime factors of (2/1)/(2 + 555786/(-277904)).
2, 1579
What are the prime factors of (-90)/7*(-18)/(288/63728)?
2, 3, 5, 569
List the prime factors of 437757/21 + (4/(-35))/((-115)/(-575)).
5, 11, 379
Let n = -11567 + 6626. What are the prime factors of (-6)/(-10) + (n/(-15) - 1)?
7, 47
Suppose -o + 4*b = 0, -2*o + 0*o + 13 = 5*b. Suppose -2*z + 402 = -o*t, z = 5*t - 62 + 263. Let a = -121 + z. List the prime factors of a.
2, 5
Let n = 27 + -13. Let d(v) = 3*v - 90. Let c be d(n). List the prime factors of ((-82)/(-12))/((-8)/c).
41
Let c be 2/(-9) + 1*276/27. Let m(f) = -f**3 + 12*f**2 + 22*f + 20. What are the prime factors of m(c)?
2, 5, 11
Let i = -314 + 5153. What are the prime factors of i?
3, 1613
Suppose -128*x = -127*x - 29. Suppose 0 = 3*q - 5*t - 172, -7*q + 8*q = -4*t + x. List the prime factors of q.
7
Let z(p) = -96*p**2 + 3. Let m(y) = 5*y + 16. Let v be m(-4). Let g be z(v). List the prime factors of ((-22)/77)/(3/g).
2, 73
Suppose -26 = -l + 3*n - 7*n, -3*n = -5*l + 15. Suppose 0 = 8*k - l + 30. Let r(s) = -7*s**3 - 3*s**2 + 5*s + 4. What are the prime factors of r(k)?
151
Let b = -380 - -1901. Suppose -c - 1014 = -2*a, 0 = 3*a - 12*c + 9*c - b. List the prime factors of a.
3, 13
Let m(s) be the first derivative of s**3 + 6*s**2 + 10*s - 35. List the prime factors of m(-8).
2, 53
Let o = 2 + 0. Suppose -3*y = 3*x + o*y - 625, 5*y + 5 = 0. Suppose -4*w - 3*w = -x. List the prime factors of w.
2, 3, 5
Let v(w) = 257*w - 39. Let i be (5 - (-5 - -7)) + 5. What are the prime factors of v(i)?
2017
List the prime factors of (-4)/(-6)*(-4 - 513488/(-32)).
3, 5, 23, 31
Let j be 86940/(-240) - (-6)/(-8). Let x = 236 - j. List the prime factors of x.
599
Suppose 4*k - 3733 = -4*d + 12047, 3*k - 11843 = d. What are the prime factors of k?
3947
Suppose 8*n = 12*n + 4. List the prime factors of 10/(-15) + n + (-797)/(-3).
2, 3, 11
Let m(u) = -8*u + 14. Let v be m(8). Let d = v + 52. Suppose -o = -d, -2*o + 3*o - 106 = -x. What are the prime factors of x?
2, 13
Suppose 647 = -i - 4*u + 2009, 2*i - 3*u - 2757 = 0. What are the prime factors of i?
2, 3, 229
Suppose 4*b - 3*c - 2 + 0 = 0, -5*c + 2 = -4*b. Suppose -4*n = 4*d - 2172, 2*d + b*n + 2736 = 7*d. List the prime factors of d.
2, 3, 7, 13
Let g = 1759 + 1469. What are the prime factors of g?
2, 3, 269
Let r(d) = 47*d - 1671*d**2 + 1670*d**2 - 7 + 1 - 13*d. Let m = -63 - -88. List the prime factors of r(m).
3, 73
Let u = 70 - 112. Let q = u - -47. List the prime factors of -2 + q - 4 - 1*-123.
2, 61
Let h(l) be the first derivative of 11*l**2/2 + 167*l + 11. What are the prime factors of h(14)?
3, 107
Let w = 3331 + -1395. Suppose -w = -3*z - 5*f, -3*z = -4*f + 78 - 1996. List the prime factors of z.
2, 3, 107
Let y = 191 - 343. Let k = y - -328. Suppose 0 = 2*c + 4*d - 140, 2*c = -0*c + 5*d + k. List the prime factors of c.
2, 3, 13
Suppose 35*c + 7*c = 264222. List the prime factors of c.
3, 233
Let n be (18/15)/(6/(-20)). Let a be n/(-6) + -1 + 1632/(-18). Let u = -49 - a. What are the prime factors of u?
2, 3, 7
Let r = -14 - -19. Suppose 5*c = 2*n + r, -n - 2*n + 24 = 3*c. Suppose -249 = -c*z + 216. What are the prime factors of z?
5, 31
Let z be (3 - -9)/(-3) + 9. Suppose z*s = 12*s - 14. Suppose -s*o - 3*g = -6*o + 372, o - 100 = -g. What are the prime factors of o?
2, 3
Suppose 5*o = 4*u + 43 - 21, -5*o - u + 7 = 0. Suppose -4*c - 10*q + 2150 = -12*q, 0 = -o*c - 4*q + 1060. List the prime factors of c.
2, 67
Let m be 56/(-12)*(-9)/2. Let w = 27 - m. List the prime factors of 1 - 1/(15/w + -3).
3
Suppose p - 1267 = -87. Suppose 0 = -4*k - p + 3328. What are the prime factors of k?
3, 179
Suppose -4877 = -q - 4*k, -21*k + 14618 = 3*q - 22*k. List the prime factors of q.
11, 443
Let b be (33/5 - 6)*5. Suppose -1384 = -2*x + y + 910, 5*y = -b*x + 3415. What are the prime factors of x?
5, 229
Suppose 60*y = -147*y - 81*y + 97632. List the prime factors of y.
3, 113
What are the prime factors of (304/114)/((-40)/(-354390))?
2, 11813
Let h(c) = 6*c**3 - 102*c**2 - 29*c - 129. List the prime factors of h(21).
2, 3, 547
Let y(a) = -a**3 + 6*a**2 + 5*a. Let q be y(7). Let v = q + 142. List the prime factors of (v - -1)/(60/40).
2, 43
Suppose 5*t = 4*j - 0*t + 5, 0 = -4*j - 4*t + 40. Suppose 6623 = j*z - m, -2*m = -4*z + m + 5294. What are the prime factors of z?
5, 53
Let h = 41423 - -607. What are the prime factors of h?
2, 3, 5, 467
Let u(q) =